{"id":30275,"date":"2025-05-31T14:33:05","date_gmt":"2025-05-31T12:33:05","guid":{"rendered":"https:\/\/kesh.ch\/accueil\/?page_id=30275"},"modified":"2026-01-03T13:44:13","modified_gmt":"2026-01-03T12:44:13","slug":"evenements","status":"publish","type":"page","link":"https:\/\/kesh.ch\/accueil\/evenements\/","title":{"rendered":"EVENEMENTS"},"content":{"rendered":"\t\t<div data-elementor-type=\"wp-page\" data-elementor-id=\"30275\" class=\"elementor elementor-30275\">\n\t\t\t\t\t\t<section class=\"elementor-section elementor-top-section elementor-element elementor-element-d34ffd9 elementor-section-boxed elementor-section-height-default elementor-section-height-default\" data-id=\"d34ffd9\" data-element_type=\"section\">\n\t\t\t\t\t\t<div class=\"elementor-container elementor-column-gap-default\">\n\t\t\t\t\t<div class=\"elementor-column elementor-col-100 elementor-top-column elementor-element elementor-element-4794ef9\" data-id=\"4794ef9\" data-element_type=\"column\">\n\t\t\t<div class=\"elementor-widget-wrap elementor-element-populated\">\n\t\t\t\t\t\t<div class=\"elementor-element elementor-element-9c15d7f elementor-widget elementor-widget-heading\" data-id=\"9c15d7f\" data-element_type=\"widget\" data-widget_type=\"heading.default\">\n\t\t\t\t<div class=\"elementor-widget-container\">\n\t\t\t\t\t<h2 class=\"elementor-heading-title elementor-size-default\">Ev\u00e9nements \u00e0 venir<\/h2>\t\t\t\t<\/div>\n\t\t\t\t<\/div>\n\t\t\t\t\t<\/div>\n\t\t<\/div>\n\t\t\t\t\t<\/div>\n\t\t<\/section>\n\t\t\t\t<section class=\"elementor-section elementor-top-section elementor-element elementor-element-5dcfe5c elementor-section-boxed elementor-section-height-default elementor-section-height-default\" data-id=\"5dcfe5c\" data-element_type=\"section\">\n\t\t\t\t\t\t<div class=\"elementor-container elementor-column-gap-default\">\n\t\t\t\t\t<div class=\"elementor-column elementor-col-100 elementor-top-column elementor-element elementor-element-b219900\" data-id=\"b219900\" data-element_type=\"column\">\n\t\t\t<div class=\"elementor-widget-wrap elementor-element-populated\">\n\t\t\t\t\t\t<div class=\"elementor-element elementor-element-9daf47f elementor-widget-divider--view-line elementor-widget elementor-widget-divider\" data-id=\"9daf47f\" data-element_type=\"widget\" data-widget_type=\"divider.default\">\n\t\t\t\t<div class=\"elementor-widget-container\">\n\t\t\t\t\t\t\t<div class=\"elementor-divider\">\n\t\t\t<span class=\"elementor-divider-separator\">\n\t\t\t\t\t\t<\/span>\n\t\t<\/div>\n\t\t\t\t\t\t<\/div>\n\t\t\t\t<\/div>\n\t\t\t\t<div class=\"elementor-element elementor-element-e773f0b elementor-widget elementor-widget-heading\" data-id=\"e773f0b\" data-element_type=\"widget\" data-widget_type=\"heading.default\">\n\t\t\t\t<div class=\"elementor-widget-container\">\n\t\t\t\t\t<h2 class=\"elementor-heading-title elementor-size-default\">Ev\u00e9nements pass\u00e9s<\/h2>\t\t\t\t<\/div>\n\t\t\t\t<\/div>\n\t\t\t\t\t<\/div>\n\t\t<\/div>\n\t\t\t\t\t<\/div>\n\t\t<\/section>\n\t\t\t\t<section class=\"elementor-section elementor-top-section elementor-element elementor-element-785065e elementor-section-boxed elementor-section-height-default elementor-section-height-default\" data-id=\"785065e\" data-element_type=\"section\">\n\t\t\t\t\t\t<div class=\"elementor-container elementor-column-gap-default\">\n\t\t\t\t\t<div class=\"elementor-column elementor-col-33 elementor-top-column elementor-element elementor-element-23d732f\" data-id=\"23d732f\" data-element_type=\"column\">\n\t\t\t<div class=\"elementor-widget-wrap elementor-element-populated\">\n\t\t\t\t\t\t<div class=\"elementor-element elementor-element-4343f41 elementor-widget elementor-widget-image\" data-id=\"4343f41\" data-element_type=\"widget\" data-widget_type=\"image.default\">\n\t\t\t\t<div class=\"elementor-widget-container\">\n\t\t\t\t\t\t\t\t\t\t\t\t\t\t\t<img fetchpriority=\"high\" decoding=\"async\" width=\"819\" height=\"1024\" src=\"https:\/\/kesh.ch\/wp-content\/uploads\/2025\/12\/Atelier-Graffiti-sur-Casquette-Digital-Graffiti-1-819x1024.png\" class=\"attachment-large size-large wp-image-30408\" alt=\"\" srcset=\"https:\/\/kesh.ch\/wp-content\/uploads\/2025\/12\/Atelier-Graffiti-sur-Casquette-Digital-Graffiti-1-819x1024.png 819w, https:\/\/kesh.ch\/wp-content\/uploads\/2025\/12\/Atelier-Graffiti-sur-Casquette-Digital-Graffiti-1-240x300.png 240w, https:\/\/kesh.ch\/wp-content\/uploads\/2025\/12\/Atelier-Graffiti-sur-Casquette-Digital-Graffiti-1-768x960.png 768w, https:\/\/kesh.ch\/wp-content\/uploads\/2025\/12\/Atelier-Graffiti-sur-Casquette-Digital-Graffiti-1-600x750.png 600w, https:\/\/kesh.ch\/wp-content\/uploads\/2025\/12\/Atelier-Graffiti-sur-Casquette-Digital-Graffiti-1.png 1080w\" sizes=\"(max-width: 819px) 100vw, 819px\" \/>\t\t\t\t\t\t\t\t\t\t\t\t\t\t\t<\/div>\n\t\t\t\t<\/div>\n\t\t\t\t\t<\/div>\n\t\t<\/div>\n\t\t\t\t<div class=\"elementor-column elementor-col-66 elementor-top-column elementor-element elementor-element-4588c0b\" data-id=\"4588c0b\" data-element_type=\"column\">\n\t\t\t<div class=\"elementor-widget-wrap elementor-element-populated\">\n\t\t\t\t\t\t<div class=\"elementor-element elementor-element-7652382 elementor-widget elementor-widget-heading\" data-id=\"7652382\" data-element_type=\"widget\" data-widget_type=\"heading.default\">\n\t\t\t\t<div class=\"elementor-widget-container\">\n\t\t\t\t\t<h2 class=\"elementor-heading-title elementor-size-default\">Commence l'ann\u00e9e de mani\u00e8re cr\u00e9ative<\/h2>\t\t\t\t<\/div>\n\t\t\t\t<\/div>\n\t\t\t\t<div class=\"elementor-element elementor-element-42a4cbb elementor-widget elementor-widget-text-editor\" data-id=\"42a4cbb\" data-element_type=\"widget\" data-widget_type=\"text-editor.default\">\n\t\t\t\t<div class=\"elementor-widget-container\">\n\t\t\t\t\t\t\t\t\t<p>Rdv le 2 janvier pour une matin\u00e9e cr\u00e9ative. Accompagn\u00e9 par Kesh tu r\u00e9aliseras ton graffiti sur casquette (fournie par nos soins) et sur le Digital Graffiti. Tu repartiras avec une impression de ton \u0153uvre digitale et ta casquette pour commencer l&rsquo;ann\u00e9e au top !\u00a0<\/p><p>ATTENTION ! Les places sont limit\u00e9es.\u00a0<\/p><p>Infos et r\u00e9servations : info@digital-graffiti.ch ou 077.431.51.83<\/p>\t\t\t\t\t\t\t\t<\/div>\n\t\t\t\t<\/div>\n\t\t\t\t\t<\/div>\n\t\t<\/div>\n\t\t\t\t\t<\/div>\n\t\t<\/section>\n\t\t\t\t<section class=\"elementor-section elementor-top-section elementor-element elementor-element-5e7c061 elementor-section-boxed elementor-section-height-default elementor-section-height-default\" data-id=\"5e7c061\" data-element_type=\"section\">\n\t\t\t\t\t\t<div class=\"elementor-container elementor-column-gap-default\">\n\t\t\t\t\t<div class=\"elementor-column elementor-col-66 elementor-top-column elementor-element elementor-element-799e53c\" data-id=\"799e53c\" data-element_type=\"column\">\n\t\t\t<div class=\"elementor-widget-wrap elementor-element-populated\">\n\t\t\t\t\t\t<div class=\"elementor-element elementor-element-56b8228 elementor-widget elementor-widget-text-editor\" data-id=\"56b8228\" data-element_type=\"widget\" data-widget_type=\"text-editor.default\">\n\t\t\t\t<div class=\"elementor-widget-container\">\n\t\t\t\t\t\t\t\t\t<p>Bient\u00f4t No\u00ebl&#8230; Viens r\u00e9aliser ton graffiti sur une casquette et ton pr\u00e9nom sur le Digital Graffiti pour t&rsquo;offrir ou pour offrir. R\u00e9serve ta place et viens explorer ta cr\u00e9ativit\u00e9.\u00a0<\/p>\t\t\t\t\t\t\t\t<\/div>\n\t\t\t\t<\/div>\n\t\t\t\t\t<\/div>\n\t\t<\/div>\n\t\t\t\t<div class=\"elementor-column elementor-col-33 elementor-top-column elementor-element elementor-element-82e5bba\" data-id=\"82e5bba\" data-element_type=\"column\">\n\t\t\t<div class=\"elementor-widget-wrap elementor-element-populated\">\n\t\t\t\t\t\t<div class=\"elementor-element elementor-element-186eb52 elementor-widget elementor-widget-image\" data-id=\"186eb52\" data-element_type=\"widget\" data-widget_type=\"image.default\">\n\t\t\t\t<div class=\"elementor-widget-container\">\n\t\t\t\t\t\t\t\t\t\t\t\t\t\t\t<img decoding=\"async\" width=\"819\" height=\"1024\" src=\"https:\/\/kesh.ch\/wp-content\/uploads\/2025\/12\/Atelier-Graffiti-sur-Casquette-Digital-Graffiti-2-819x1024.png\" class=\"attachment-large size-large wp-image-30407\" alt=\"\" srcset=\"https:\/\/kesh.ch\/wp-content\/uploads\/2025\/12\/Atelier-Graffiti-sur-Casquette-Digital-Graffiti-2-819x1024.png 819w, https:\/\/kesh.ch\/wp-content\/uploads\/2025\/12\/Atelier-Graffiti-sur-Casquette-Digital-Graffiti-2-240x300.png 240w, https:\/\/kesh.ch\/wp-content\/uploads\/2025\/12\/Atelier-Graffiti-sur-Casquette-Digital-Graffiti-2-768x960.png 768w, https:\/\/kesh.ch\/wp-content\/uploads\/2025\/12\/Atelier-Graffiti-sur-Casquette-Digital-Graffiti-2-600x750.png 600w, https:\/\/kesh.ch\/wp-content\/uploads\/2025\/12\/Atelier-Graffiti-sur-Casquette-Digital-Graffiti-2.png 1080w\" sizes=\"(max-width: 819px) 100vw, 819px\" \/>\t\t\t\t\t\t\t\t\t\t\t\t\t\t\t<\/div>\n\t\t\t\t<\/div>\n\t\t\t\t\t<\/div>\n\t\t<\/div>\n\t\t\t\t\t<\/div>\n\t\t<\/section>\n\t\t\t\t<section class=\"elementor-section elementor-top-section elementor-element elementor-element-fb46bde elementor-section-boxed elementor-section-height-default elementor-section-height-default\" data-id=\"fb46bde\" data-element_type=\"section\">\n\t\t\t\t\t\t<div class=\"elementor-container elementor-column-gap-default\">\n\t\t\t\t\t<div class=\"elementor-column elementor-col-33 elementor-top-column elementor-element elementor-element-ef5dc13\" data-id=\"ef5dc13\" data-element_type=\"column\">\n\t\t\t<div class=\"elementor-widget-wrap elementor-element-populated\">\n\t\t\t\t\t\t<div class=\"elementor-element elementor-element-66c9e55 elementor-widget elementor-widget-image\" data-id=\"66c9e55\" data-element_type=\"widget\" data-widget_type=\"image.default\">\n\t\t\t\t<div class=\"elementor-widget-container\">\n\t\t\t\t\t\t\t\t\t\t\t\t\t\t\t<img decoding=\"async\" width=\"724\" height=\"1024\" src=\"https:\/\/kesh.ch\/wp-content\/uploads\/2025\/08\/affiche-old-school-final-copie-724x1024.jpg\" class=\"attachment-large size-large wp-image-30362\" alt=\"\" srcset=\"https:\/\/kesh.ch\/wp-content\/uploads\/2025\/08\/affiche-old-school-final-copie-724x1024.jpg 724w, https:\/\/kesh.ch\/wp-content\/uploads\/2025\/08\/affiche-old-school-final-copie-212x300.jpg 212w, https:\/\/kesh.ch\/wp-content\/uploads\/2025\/08\/affiche-old-school-final-copie-768x1086.jpg 768w, https:\/\/kesh.ch\/wp-content\/uploads\/2025\/08\/affiche-old-school-final-copie-1086x1536.jpg 1086w, https:\/\/kesh.ch\/wp-content\/uploads\/2025\/08\/affiche-old-school-final-copie.jpg 1414w\" sizes=\"(max-width: 724px) 100vw, 724px\" \/>\t\t\t\t\t\t\t\t\t\t\t\t\t\t\t<\/div>\n\t\t\t\t<\/div>\n\t\t\t\t\t<\/div>\n\t\t<\/div>\n\t\t\t\t<div class=\"elementor-column elementor-col-66 elementor-top-column elementor-element elementor-element-c68db85\" data-id=\"c68db85\" data-element_type=\"column\">\n\t\t\t<div class=\"elementor-widget-wrap elementor-element-populated\">\n\t\t\t\t\t\t<div class=\"elementor-element elementor-element-5a0ae9f elementor-widget elementor-widget-text-editor\" data-id=\"5a0ae9f\" data-element_type=\"widget\" data-widget_type=\"text-editor.default\">\n\t\t\t\t<div class=\"elementor-widget-container\">\n\t\t\t\t\t\t\t\t\t<div class=\"elementor-element elementor-element-47a8e93 e-flex e-con-boxed e-con e-parent e-lazyloaded\" data-id=\"47a8e93\" data-element_type=\"container\"><div class=\"e-con-inner\"><div class=\"elementor-element elementor-element-e03df74 e-con-full e-flex e-con e-child\" data-id=\"e03df74\" data-element_type=\"container\"><div class=\"elementor-element elementor-element-cf7f7cf e-con-full e-flex e-con e-child\" data-id=\"cf7f7cf\" data-element_type=\"container\"><div class=\"elementor-element elementor-element-81aa04d elementor-widget elementor-widget-text-editor\" data-id=\"81aa04d\" data-element_type=\"widget\" data-widget_type=\"text-editor.default\"><div class=\"elementor-widget-container\"><p>Rendez-vous d\u00e8s 17 heure pour un afterwork Old School avec la pr\u00e9sence de DJ Menas qui nous passera du bon son pour nous mettre dans l\u2019ambiance. Profites en pour venir tester le Digital Graffiti et n\u2019oublie pas de te d\u00e9salt\u00e9rer aupr\u00e8s de notre ami Marco du Piccolo \u00e0 Saint-Blaise.<\/p><\/div><\/div><\/div><\/div><\/div><\/div><div class=\"elementor-element elementor-element-a45bfe4 e-flex e-con-boxed e-con e-parent e-lazyloaded\" data-id=\"a45bfe4\" data-element_type=\"container\"><div class=\"e-con-inner\"><div class=\"elementor-element elementor-element-5c07b87 elementor-widget-divider--view-line elementor-widget elementor-widget-divider\" data-id=\"5c07b87\" data-element_type=\"widget\" data-widget_type=\"divider.default\"><div class=\"elementor-widget-container\"><div class=\"elementor-divider\">\u00a0<\/div><\/div><\/div><\/div><\/div>\t\t\t\t\t\t\t\t<\/div>\n\t\t\t\t<\/div>\n\t\t\t\t\t<\/div>\n\t\t<\/div>\n\t\t\t\t\t<\/div>\n\t\t<\/section>\n\t\t\t\t<section class=\"elementor-section elementor-top-section elementor-element elementor-element-bd05862 elementor-section-boxed elementor-section-height-default elementor-section-height-default\" data-id=\"bd05862\" data-element_type=\"section\">\n\t\t\t\t\t\t<div class=\"elementor-container elementor-column-gap-default\">\n\t\t\t\t\t<div class=\"elementor-column elementor-col-25 elementor-top-column elementor-element elementor-element-1f26027\" data-id=\"1f26027\" data-element_type=\"column\">\n\t\t\t<div class=\"elementor-widget-wrap elementor-element-populated\">\n\t\t\t\t\t\t<div class=\"elementor-element elementor-element-285dc56 elementor-widget elementor-widget-heading\" data-id=\"285dc56\" data-element_type=\"widget\" data-widget_type=\"heading.default\">\n\t\t\t\t<div class=\"elementor-widget-container\">\n\t\t\t\t\t<h2 class=\"elementor-heading-title elementor-size-default\">7 juin 2025  d\u00e8s 14h - Neuch\u00e2tel<\/h2>\t\t\t\t<\/div>\n\t\t\t\t<\/div>\n\t\t\t\t<div class=\"elementor-element elementor-element-56d2897 elementor-widget elementor-widget-text-editor\" data-id=\"56d2897\" data-element_type=\"widget\" data-widget_type=\"text-editor.default\">\n\t\t\t\t<div class=\"elementor-widget-container\">\n\t\t\t\t\t\t\t\t\t<p>Samedi 7 juin 2025 FASHION DAY au Kesh Concept Store.<\/p><ol><li>D\u00e9fil\u00e9s de mode<\/li><li>Live Painting sur robe<\/li><li>D\u00e9monstration Digital Graffiti<\/li><\/ol>\t\t\t\t\t\t\t\t<\/div>\n\t\t\t\t<\/div>\n\t\t\t\t\t<\/div>\n\t\t<\/div>\n\t\t\t\t<div class=\"elementor-column elementor-col-25 elementor-top-column elementor-element elementor-element-e9ce973\" data-id=\"e9ce973\" data-element_type=\"column\">\n\t\t\t<div class=\"elementor-widget-wrap elementor-element-populated\">\n\t\t\t\t\t\t<div class=\"elementor-element elementor-element-31f7dd1 elementor-widget elementor-widget-image\" data-id=\"31f7dd1\" data-element_type=\"widget\" data-widget_type=\"image.default\">\n\t\t\t\t<div class=\"elementor-widget-container\">\n\t\t\t\t\t\t\t\t\t\t\t\t\t\t\t<img loading=\"lazy\" decoding=\"async\" width=\"696\" height=\"1024\" src=\"https:\/\/kesh.ch\/wp-content\/uploads\/2025\/05\/evenement-7-juin-2025-696x1024.jpg\" class=\"attachment-large size-large wp-image-30269\" alt=\"\" srcset=\"https:\/\/kesh.ch\/wp-content\/uploads\/2025\/05\/evenement-7-juin-2025-696x1024.jpg 696w, https:\/\/kesh.ch\/wp-content\/uploads\/2025\/05\/evenement-7-juin-2025-600x883.jpg 600w, https:\/\/kesh.ch\/wp-content\/uploads\/2025\/05\/evenement-7-juin-2025-204x300.jpg 204w, https:\/\/kesh.ch\/wp-content\/uploads\/2025\/05\/evenement-7-juin-2025-768x1131.jpg 768w, https:\/\/kesh.ch\/wp-content\/uploads\/2025\/05\/evenement-7-juin-2025-1043x1536.jpg 1043w, https:\/\/kesh.ch\/wp-content\/uploads\/2025\/05\/evenement-7-juin-2025.jpg 1080w\" sizes=\"(max-width: 696px) 100vw, 696px\" \/>\t\t\t\t\t\t\t\t\t\t\t\t\t\t\t<\/div>\n\t\t\t\t<\/div>\n\t\t\t\t\t<\/div>\n\t\t<\/div>\n\t\t\t\t<div class=\"elementor-column elementor-col-50 elementor-top-column elementor-element elementor-element-8ef1647\" data-id=\"8ef1647\" data-element_type=\"column\">\n\t\t\t<div class=\"elementor-widget-wrap elementor-element-populated\">\n\t\t\t\t\t\t<div class=\"elementor-element elementor-element-5ff272d elementor-widget elementor-widget-video\" data-id=\"5ff272d\" data-element_type=\"widget\" data-settings=\"{&quot;youtube_url&quot;:&quot;https:\\\/\\\/youtube.com\\\/shorts\\\/9_LYrD2id8o?feature=share&quot;,&quot;video_type&quot;:&quot;youtube&quot;,&quot;controls&quot;:&quot;yes&quot;}\" data-widget_type=\"video.default\">\n\t\t\t\t<div class=\"elementor-widget-container\">\n\t\t\t\t\t\t\t<div class=\"elementor-wrapper elementor-open-inline\">\n\t\t\t<div class=\"elementor-video\"><\/div>\t\t<\/div>\n\t\t\t\t\t\t<\/div>\n\t\t\t\t<\/div>\n\t\t\t\t\t<\/div>\n\t\t<\/div>\n\t\t\t\t\t<\/div>\n\t\t<\/section>\n\t\t\t\t<\/div>\n\t\t","protected":false},"excerpt":{"rendered":"<p>Ev\u00e9nements \u00e0 venir Ev\u00e9nements pass\u00e9s Commence l&rsquo;ann\u00e9e de mani\u00e8re cr\u00e9ative Rdv le 2 janvier pour une matin\u00e9e cr\u00e9ative. Accompagn\u00e9 par Kesh tu r\u00e9aliseras ton graffiti sur casquette (fournie par nos soins) et sur le Digital Graffiti. Tu repartiras avec une impression de ton \u0153uvre digitale et ta casquette pour commencer l&rsquo;ann\u00e9e au top !\u00a0 ATTENTION [&hellip;]<\/p>\n","protected":false},"author":1,"featured_media":0,"parent":0,"menu_order":0,"comment_status":"closed","ping_status":"closed","template":"","meta":{"site-sidebar-layout":"no-sidebar","site-content-layout":"page-builder","ast-site-content-layout":"full-width-container","site-content-style":"default","site-sidebar-style":"default","ast-global-header-display":"","ast-banner-title-visibility":"","ast-main-header-display":"","ast-hfb-above-header-display":"","ast-hfb-below-header-display":"","ast-hfb-mobile-header-display":"","site-post-title":"disabled","ast-breadcrumbs-content":"","ast-featured-img":"disabled","footer-sml-layout":"","ast-disable-related-posts":"","theme-transparent-header-meta":"","adv-header-id-meta":"","stick-header-meta":"","header-above-stick-meta":"","header-main-stick-meta":"","header-below-stick-meta":"","astra-migrate-meta-layouts":"set","ast-page-background-enabled":"default","ast-page-background-meta":{"desktop":{"background-color":"var(--ast-global-color-4)","background-image":"","background-repeat":"repeat","background-position":"center center","background-size":"auto","background-attachment":"scroll","background-type":"","background-media":"","overlay-type":"","overlay-color":"","overlay-opacity":"","overlay-gradient":""},"tablet":{"background-color":"","background-image":"","background-repeat":"repeat","background-position":"center center","background-size":"auto","background-attachment":"scroll","background-type":"","background-media":"","overlay-type":"","overlay-color":"","overlay-opacity":"","overlay-gradient":""},"mobile":{"background-color":"","background-image":"","background-repeat":"repeat","background-position":"center center","background-size":"auto","background-attachment":"scroll","background-type":"","background-media":"","overlay-type":"","overlay-color":"","overlay-opacity":"","overlay-gradient":""}},"ast-content-background-meta":{"desktop":{"background-color":"var(--ast-global-color-5)","background-image":"","background-repeat":"repeat","background-position":"center center","background-size":"auto","background-attachment":"scroll","background-type":"","background-media":"","overlay-type":"","overlay-color":"","overlay-opacity":"","overlay-gradient":""},"tablet":{"background-color":"var(--ast-global-color-5)","background-image":"","background-repeat":"repeat","background-position":"center center","background-size":"auto","background-attachment":"scroll","background-type":"","background-media":"","overlay-type":"","overlay-color":"","overlay-opacity":"","overlay-gradient":""},"mobile":{"background-color":"var(--ast-global-color-5)","background-image":"","background-repeat":"repeat","background-position":"center center","background-size":"auto","background-attachment":"scroll","background-type":"","background-media":"","overlay-type":"","overlay-color":"","overlay-opacity":"","overlay-gradient":""}},"footnotes":""},"class_list":["post-30275","page","type-page","status-publish","hentry"],"_links":{"self":[{"href":"https:\/\/kesh.ch\/accueil\/wp-json\/wp\/v2\/pages\/30275","targetHints":{"allow":["GET"]}}],"collection":[{"href":"https:\/\/kesh.ch\/accueil\/wp-json\/wp\/v2\/pages"}],"about":[{"href":"https:\/\/kesh.ch\/accueil\/wp-json\/wp\/v2\/types\/page"}],"author":[{"embeddable":true,"href":"https:\/\/kesh.ch\/accueil\/wp-json\/wp\/v2\/users\/1"}],"replies":[{"embeddable":true,"href":"https:\/\/kesh.ch\/accueil\/wp-json\/wp\/v2\/comments?post=30275"}],"version-history":[{"count":22,"href":"https:\/\/kesh.ch\/accueil\/wp-json\/wp\/v2\/pages\/30275\/revisions"}],"predecessor-version":[{"id":30431,"href":"https:\/\/kesh.ch\/accueil\/wp-json\/wp\/v2\/pages\/30275\/revisions\/30431"}],"wp:attachment":[{"href":"https:\/\/kesh.ch\/accueil\/wp-json\/wp\/v2\/media?parent=30275"}],"curies":[{"name":"wp","href":"https:\/\/api.w.org\/{rel}","templated":true}]}}